{"id":191564,"date":"2026-02-02T22:18:59","date_gmt":"2026-02-03T01:18:59","guid":{"rendered":"https:\/\/www.hoymercedes.com.ar\/principal\/?page_id=191564"},"modified":"2026-02-02T22:19:01","modified_gmt":"2026-02-03T01:19:01","slug":"terminos-de-servicio","status":"publish","type":"page","link":"https:\/\/www.hoymercedes.com.ar\/principal\/terminos-de-servicio\/","title":{"rendered":"T\u00e9rminos de servicio"},"content":{"rendered":"\n<p><strong>HoyMercedes<\/strong> es un portal de noticias y servicios enfocado en la ciudad de Mercedes, Provincia de Buenos Aires, Argentina, con una mirada integral hacia la regi\u00f3n y actualizaciones permanentes sobre acontecimientos provinciales y nacionales.<\/p>\n\n\n\n<p>Estamos en l\u00ednea desde hace <strong>18 a\u00f1os<\/strong>, consolid\u00e1ndonos como una fuente de noticias veraz, con la honestidad y el respeto por la realidad como ejes inquebrantables de nuestra labor diaria.<\/p>\n\n\n\n<p>Rechazamos las noticias falsas (<em>fake news<\/em>), el enga\u00f1o y la desinformaci\u00f3n como herramientas de manipulaci\u00f3n ciudadana, comercial o pol\u00edtica. Somos vecinos de la ciudad, profesionales identificables y con un v\u00ednculo comunal profundo, respaldados por una amplia trayectoria en medios y formaci\u00f3n espec\u00edfica en comunicaci\u00f3n, periodismo y saberes interdisciplinarios.<\/p>\n\n\n\n<h4 class=\"wp-block-heading\">LICENCIA DE USO<\/h4>\n\n\n\n<p><strong>HoyMercedes<\/strong> opera bajo una licencia <strong>Creative Commons Atribuci\u00f3n-NoComercial-SinDerivar (CC BY-NC-ND)<\/strong>.<\/p>\n\n\n\n<ul class=\"wp-block-list\">\n<li><strong>Libertad de difusi\u00f3n:<\/strong> Los lectores y usuarios son libres de compartir, copiar, enlazar y redistribuir el contenido de nuestro sitio.<\/li>\n\n\n\n<li><strong>Atribuci\u00f3n de Propiedad:<\/strong> Es obligatorio citar la fuente original (<strong>HoyMercedes<\/strong>) como una pr\u00e1ctica de \u00e9tica profesional y respeto a la autor\u00eda de los contenidos.<\/li>\n\n\n\n<li><strong>Uso No Comercial:<\/strong> No se permite el uso de nuestro material con fines de lucro o comerciales sin autorizaci\u00f3n expresa.<\/li>\n<\/ul>\n","protected":false},"excerpt":{"rendered":"<p>HoyMercedes es un portal de noticias y servicios enfocado en la ciudad de Mercedes, Provincia de Buenos Aires, Argentina, con &#8230; <a title=\"T\u00e9rminos de servicio\" class=\"read-more\" href=\"https:\/\/www.hoymercedes.com.ar\/principal\/terminos-de-servicio\/\" aria-label=\"Leer m\u00e1s sobre T\u00e9rminos de servicio\">Leer m\u00e1s<\/a><\/p>\n","protected":false},"author":1,"featured_media":0,"parent":0,"menu_order":0,"comment_status":"closed","ping_status":"closed","template":"","meta":{"_monsterinsights_skip_tracking":false,"_monsterinsights_sitenote_active":false,"_monsterinsights_sitenote_note":"","_monsterinsights_sitenote_category":0,"footnotes":""},"class_list":["post-191564","page","type-page","status-publish"],"wps_subtitle":"","jetpack_sharing_enabled":true,"_links":{"self":[{"href":"https:\/\/www.hoymercedes.com.ar\/principal\/wp-json\/wp\/v2\/pages\/191564","targetHints":{"allow":["GET"]}}],"collection":[{"href":"https:\/\/www.hoymercedes.com.ar\/principal\/wp-json\/wp\/v2\/pages"}],"about":[{"href":"https:\/\/www.hoymercedes.com.ar\/principal\/wp-json\/wp\/v2\/types\/page"}],"author":[{"embeddable":true,"href":"https:\/\/www.hoymercedes.com.ar\/principal\/wp-json\/wp\/v2\/users\/1"}],"replies":[{"embeddable":true,"href":"https:\/\/www.hoymercedes.com.ar\/principal\/wp-json\/wp\/v2\/comments?post=191564"}],"version-history":[{"count":1,"href":"https:\/\/www.hoymercedes.com.ar\/principal\/wp-json\/wp\/v2\/pages\/191564\/revisions"}],"predecessor-version":[{"id":191565,"href":"https:\/\/www.hoymercedes.com.ar\/principal\/wp-json\/wp\/v2\/pages\/191564\/revisions\/191565"}],"wp:attachment":[{"href":"https:\/\/www.hoymercedes.com.ar\/principal\/wp-json\/wp\/v2\/media?parent=191564"}],"curies":[{"name":"wp","href":"https:\/\/api.w.org\/{rel}","templated":true}]}}