{"id":191566,"date":"2026-02-02T22:45:58","date_gmt":"2026-02-03T01:45:58","guid":{"rendered":"https:\/\/www.hoymercedes.com.ar\/principal\/?page_id=191566"},"modified":"2026-02-02T22:46:00","modified_gmt":"2026-02-03T01:46:00","slug":"politica-de-privacidad-y-etica-informativa","status":"publish","type":"page","link":"https:\/\/www.hoymercedes.com.ar\/principal\/politica-de-privacidad-y-etica-informativa\/","title":{"rendered":"Pol\u00edtica de Privacidad y \u00c9tica Informativa"},"content":{"rendered":"\n<p><strong>Compromiso \u00c9tico<\/strong> <strong>HoyMercedes<\/strong> respeta los usos y costumbres de la comunicaci\u00f3n profesional. Trabajamos con fuentes fidedignas, sosteniendo la \u00e9tica y la moral en cada publicaci\u00f3n. Respetamos de manera irrestricta las tradiciones, identidades y h\u00e1bitos de nuestras comunidades.<\/p>\n\n\n\n<p><strong>Uso Responsable de Tecnolog\u00eda<\/strong> Como medio de vanguardia, <strong>HoyMercedes<\/strong> se compromete a no falsificar la realidad mediante el uso irresponsable de Inteligencia Artificial. La tecnolog\u00eda se utiliza como soporte, pero nunca para sustituir la verdad de los hechos.<\/p>\n\n\n\n<p><strong>Responsabilidad de Terceros<\/strong><\/p>\n\n\n\n<ul class=\"wp-block-list\">\n<li><strong>Firmantes:<\/strong> El portal no se hace responsable de las opiniones vertidas por los firmantes; ellos, o los colectivos que representen, son los responsables legales finales de sus dichos.<\/li>\n\n\n\n<li><strong>Redes Sociales:<\/strong> No nos hacemos responsables por las opiniones o interacciones surgidas en redes sociales sobre el contenido compartido desde nuestro portal.<\/li>\n<\/ul>\n\n\n\n<p><strong>Tratamiento de Datos y Cookies (Secci\u00f3n T\u00e9cnica)<\/strong><\/p>\n\n\n\n<ul class=\"wp-block-list\">\n<li><strong>Recopilaci\u00f3n:<\/strong> Este sitio utiliza herramientas de an\u00e1lisis (como Google Analytics) para entender el tr\u00e1fico y mejorar la experiencia del usuario. No recopilamos datos personales para venderlos a terceros.<\/li>\n\n\n\n<li><strong>Cookies:<\/strong> Al navegar en <strong>HoyMercedes<\/strong>, aceptas el uso de cookies t\u00e9cnicas necesarias para el funcionamiento del sitio y la medici\u00f3n de audiencia.<\/li>\n\n\n\n<li><strong>Jurisdicci\u00f3n:<\/strong> Ante cualquier eventual disputa legal, se aplicar\u00e1n las normas y leyes vigentes de la Rep\u00fablica Argentina.<\/li>\n<\/ul>\n","protected":false},"excerpt":{"rendered":"<p>Compromiso \u00c9tico HoyMercedes respeta los usos y costumbres de la comunicaci\u00f3n profesional. Trabajamos con fuentes fidedignas, sosteniendo la \u00e9tica y &#8230; <a title=\"Pol\u00edtica de Privacidad y \u00c9tica Informativa\" class=\"read-more\" href=\"https:\/\/www.hoymercedes.com.ar\/principal\/politica-de-privacidad-y-etica-informativa\/\" aria-label=\"Leer m\u00e1s sobre Pol\u00edtica de Privacidad y \u00c9tica Informativa\">Leer m\u00e1s<\/a><\/p>\n","protected":false},"author":1,"featured_media":0,"parent":0,"menu_order":0,"comment_status":"closed","ping_status":"closed","template":"","meta":{"_monsterinsights_skip_tracking":false,"_monsterinsights_sitenote_active":false,"_monsterinsights_sitenote_note":"","_monsterinsights_sitenote_category":0,"footnotes":""},"class_list":["post-191566","page","type-page","status-publish"],"wps_subtitle":"","jetpack_sharing_enabled":true,"_links":{"self":[{"href":"https:\/\/www.hoymercedes.com.ar\/principal\/wp-json\/wp\/v2\/pages\/191566","targetHints":{"allow":["GET"]}}],"collection":[{"href":"https:\/\/www.hoymercedes.com.ar\/principal\/wp-json\/wp\/v2\/pages"}],"about":[{"href":"https:\/\/www.hoymercedes.com.ar\/principal\/wp-json\/wp\/v2\/types\/page"}],"author":[{"embeddable":true,"href":"https:\/\/www.hoymercedes.com.ar\/principal\/wp-json\/wp\/v2\/users\/1"}],"replies":[{"embeddable":true,"href":"https:\/\/www.hoymercedes.com.ar\/principal\/wp-json\/wp\/v2\/comments?post=191566"}],"version-history":[{"count":1,"href":"https:\/\/www.hoymercedes.com.ar\/principal\/wp-json\/wp\/v2\/pages\/191566\/revisions"}],"predecessor-version":[{"id":191567,"href":"https:\/\/www.hoymercedes.com.ar\/principal\/wp-json\/wp\/v2\/pages\/191566\/revisions\/191567"}],"wp:attachment":[{"href":"https:\/\/www.hoymercedes.com.ar\/principal\/wp-json\/wp\/v2\/media?parent=191566"}],"curies":[{"name":"wp","href":"https:\/\/api.w.org\/{rel}","templated":true}]}}